{"id":3024,"date":"2021-11-16T15:35:38","date_gmt":"2021-11-16T13:35:38","guid":{"rendered":"https:\/\/www.voelkel-incoming.de\/?page_id=3024"},"modified":"2021-11-24T12:30:02","modified_gmt":"2021-11-24T10:30:02","slug":"concert-travel","status":"publish","type":"page","link":"https:\/\/www.voelkel-incoming.de\/en\/group-event-travel\/concert-travel\/","title":{"rendered":"ConcertTravel"},"content":{"rendered":"<h2>S\u00dcDAFRIKA KLASSIK<\/h2>\n<p><strong>mit dem Dirigenten und Pianisten Justus Frantz.<\/strong><\/p>\n<p>W\u00e4ren Sie jemals auf die Idee gekommen, nach S\u00fcdafrika zu reisen, um Klassik-Konzerte von Mozart, Schubert, Dvorak, Smetana oder Rachmaninov zu h\u00f6ren? Wohl kaum.<\/p>\n<p>Nach Jordanien-Israel, St. Petersburg-Moskau, dem Finca-Festival auf Gran Canaria steht jetzt S\u00fcdafrika auf dem Plan. Justus Frantz wird seit Jahren vom international aufgestellten Kwa Zulu National Philharmonic Orchestra Durban eingeladen, die europ\u00e4isch anmutende <em>&#8220;Symphony Late Spring of South Africa&#8221; <\/em>zu dirigieren. So auch, wenn das wieder m\u00f6glich ist.<\/p>\n<p>Das 10t\u00e4gige Reiseprogramm haben wir als Anbieter ausgew\u00e4hlter Klassik <span style=\"color: #000080;\"><span style=\"color: #000000;\">&#8211;<\/span><a style=\"color: #000080;\" href=\"https:\/\/www.voelkel-incoming.de\/wp-content\/uploads\/2021\/07\/Konzertreisen.pdf\" target=\"_blank\" rel=\"noopener\"><strong>Konzertreisen<\/strong><\/a> <\/span>mit dem Dirigenten Justus Frantz f\u00fcr Klassik- und S\u00fcdafrika-Fans zusammengestellt. Es kann Ihren pers\u00f6nlichen W\u00fcnschen angepasst und individuell erg\u00e4nzt werden &#8211; z.B. f\u00fcr Golfer in George, f\u00fcr Weinfreunde in Paarl, mit einer Safari in privaten Game Reserves oder dem Ausflug zu den spektakul\u00e4ren Victoria-Wasserf\u00e4llen im benachbarten Zimbabwe.<\/p>\n<p>Ich w\u00fcrde mich freuen, Sie bei einer der au\u00dfergew\u00f6hnlichen Reisen pers\u00f6nlich begr\u00fc\u00dfen zu d\u00fcrfen. Melden Sie sich bei Interesse einfach telefonisch bei mir unter 05066-7000-70<\/p>\n<p>Renate V\u00f6lkel-Hanne<\/p>\n","protected":false},"excerpt":{"rendered":"<p>S\u00dcDAFRIKA KLASSIK mit dem Dirigenten und Pianisten Justus Frantz. W\u00e4ren Sie jemals auf die Idee gekommen, nach S\u00fcdafrika zu reisen, um Klassik-Konzerte von Mozart, Schubert, Dvorak, Smetana oder Rachmaninov zu h\u00f6ren? Wohl kaum. Nach Jordanien-Israel, St. Petersburg-Moskau, dem Finca-Festival auf Gran Canaria steht jetzt S\u00fcdafrika auf dem Plan. Justus Frantz wird seit Jahren vom international [&hellip;]<\/p>\n","protected":false},"author":9,"featured_media":1385,"parent":3018,"menu_order":0,"comment_status":"closed","ping_status":"closed","template":"","meta":{"inline_featured_image":false},"yoast_head":"<!-- This site is optimized with the Yoast SEO plugin v19.5.1 - https:\/\/yoast.com\/wordpress\/plugins\/seo\/ -->\n<title>ConcertTravel - V\u00d6LKEL INCOMING<\/title>\n<meta name=\"robots\" content=\"index, follow, max-snippet:-1, max-image-preview:large, max-video-preview:-1\" \/>\n<link rel=\"canonical\" href=\"https:\/\/www.voelkel-incoming.de\/en\/group-event-travel\/concert-travel\/\" \/>\n<meta property=\"og:locale\" content=\"en_US\" \/>\n<meta property=\"og:type\" content=\"article\" \/>\n<meta property=\"og:title\" content=\"ConcertTravel - V\u00d6LKEL INCOMING\" \/>\n<meta property=\"og:description\" content=\"S\u00dcDAFRIKA KLASSIK mit dem Dirigenten und Pianisten Justus Frantz. W\u00e4ren Sie jemals auf die Idee gekommen, nach S\u00fcdafrika zu reisen, um Klassik-Konzerte von Mozart, Schubert, Dvorak, Smetana oder Rachmaninov zu h\u00f6ren? Wohl kaum. Nach Jordanien-Israel, St. Petersburg-Moskau, dem Finca-Festival auf Gran Canaria steht jetzt S\u00fcdafrika auf dem Plan. Justus Frantz wird seit Jahren vom international [&hellip;]\" \/>\n<meta property=\"og:url\" content=\"https:\/\/www.voelkel-incoming.de\/en\/group-event-travel\/concert-travel\/\" \/>\n<meta property=\"og:site_name\" content=\"V\u00d6LKEL INCOMING\" \/>\n<meta property=\"article:modified_time\" content=\"2021-11-24T10:30:02+00:00\" \/>\n<meta property=\"og:image\" content=\"https:\/\/www.voelkel-incoming.de\/wp-content\/uploads\/2021\/06\/AdobeStock_47402959.jpeg\" \/>\n\t<meta property=\"og:image:width\" content=\"1920\" \/>\n\t<meta property=\"og:image:height\" content=\"1920\" \/>\n\t<meta property=\"og:image:type\" content=\"image\/jpeg\" \/>\n<meta name=\"twitter:card\" content=\"summary_large_image\" \/>\n<meta name=\"twitter:label1\" content=\"Est. reading time\" \/>\n\t<meta name=\"twitter:data1\" content=\"1 minute\" \/>\n<script type=\"application\/ld+json\" class=\"yoast-schema-graph\">{\"@context\":\"https:\/\/schema.org\",\"@graph\":[{\"@type\":\"WebPage\",\"@id\":\"https:\/\/www.voelkel-incoming.de\/en\/group-event-travel\/concert-travel\/\",\"url\":\"https:\/\/www.voelkel-incoming.de\/en\/group-event-travel\/concert-travel\/\",\"name\":\"ConcertTravel - V\u00d6LKEL INCOMING\",\"isPartOf\":{\"@id\":\"https:\/\/www.voelkel-incoming.de\/#website\"},\"datePublished\":\"2021-11-16T13:35:38+00:00\",\"dateModified\":\"2021-11-24T10:30:02+00:00\",\"breadcrumb\":{\"@id\":\"https:\/\/www.voelkel-incoming.de\/en\/group-event-travel\/concert-travel\/#breadcrumb\"},\"inLanguage\":\"en-US\",\"potentialAction\":[{\"@type\":\"ReadAction\",\"target\":[\"https:\/\/www.voelkel-incoming.de\/en\/group-event-travel\/concert-travel\/\"]}]},{\"@type\":\"BreadcrumbList\",\"@id\":\"https:\/\/www.voelkel-incoming.de\/en\/group-event-travel\/concert-travel\/#breadcrumb\",\"itemListElement\":[{\"@type\":\"ListItem\",\"position\":1,\"name\":\"Startseite\",\"item\":\"https:\/\/www.voelkel-incoming.de\/en\/\"},{\"@type\":\"ListItem\",\"position\":2,\"name\":\"Group &#038; Event Travel\",\"item\":\"https:\/\/www.voelkel-incoming.de\/en\/group-event-travel\/\"},{\"@type\":\"ListItem\",\"position\":3,\"name\":\"ConcertTravel\"}]},{\"@type\":\"WebSite\",\"@id\":\"https:\/\/www.voelkel-incoming.de\/#website\",\"url\":\"https:\/\/www.voelkel-incoming.de\/\",\"name\":\"V\u00d6LKEL INCOMING\",\"description\":\"Travel &amp; Destination Management\",\"potentialAction\":[{\"@type\":\"SearchAction\",\"target\":{\"@type\":\"EntryPoint\",\"urlTemplate\":\"https:\/\/www.voelkel-incoming.de\/?s={search_term_string}\"},\"query-input\":\"required name=search_term_string\"}],\"inLanguage\":\"en-US\"}]}<\/script>\n<!-- \/ Yoast SEO plugin. -->","yoast_head_json":{"title":"ConcertTravel - V\u00d6LKEL INCOMING","robots":{"index":"index","follow":"follow","max-snippet":"max-snippet:-1","max-image-preview":"max-image-preview:large","max-video-preview":"max-video-preview:-1"},"canonical":"https:\/\/www.voelkel-incoming.de\/en\/group-event-travel\/concert-travel\/","og_locale":"en_US","og_type":"article","og_title":"ConcertTravel - V\u00d6LKEL INCOMING","og_description":"S\u00dcDAFRIKA KLASSIK mit dem Dirigenten und Pianisten Justus Frantz. W\u00e4ren Sie jemals auf die Idee gekommen, nach S\u00fcdafrika zu reisen, um Klassik-Konzerte von Mozart, Schubert, Dvorak, Smetana oder Rachmaninov zu h\u00f6ren? Wohl kaum. Nach Jordanien-Israel, St. Petersburg-Moskau, dem Finca-Festival auf Gran Canaria steht jetzt S\u00fcdafrika auf dem Plan. Justus Frantz wird seit Jahren vom international [&hellip;]","og_url":"https:\/\/www.voelkel-incoming.de\/en\/group-event-travel\/concert-travel\/","og_site_name":"V\u00d6LKEL INCOMING","article_modified_time":"2021-11-24T10:30:02+00:00","og_image":[{"width":1920,"height":1920,"url":"https:\/\/www.voelkel-incoming.de\/wp-content\/uploads\/2021\/06\/AdobeStock_47402959.jpeg","type":"image\/jpeg"}],"twitter_card":"summary_large_image","twitter_misc":{"Est. reading time":"1 minute"},"schema":{"@context":"https:\/\/schema.org","@graph":[{"@type":"WebPage","@id":"https:\/\/www.voelkel-incoming.de\/en\/group-event-travel\/concert-travel\/","url":"https:\/\/www.voelkel-incoming.de\/en\/group-event-travel\/concert-travel\/","name":"ConcertTravel - V\u00d6LKEL INCOMING","isPartOf":{"@id":"https:\/\/www.voelkel-incoming.de\/#website"},"datePublished":"2021-11-16T13:35:38+00:00","dateModified":"2021-11-24T10:30:02+00:00","breadcrumb":{"@id":"https:\/\/www.voelkel-incoming.de\/en\/group-event-travel\/concert-travel\/#breadcrumb"},"inLanguage":"en-US","potentialAction":[{"@type":"ReadAction","target":["https:\/\/www.voelkel-incoming.de\/en\/group-event-travel\/concert-travel\/"]}]},{"@type":"BreadcrumbList","@id":"https:\/\/www.voelkel-incoming.de\/en\/group-event-travel\/concert-travel\/#breadcrumb","itemListElement":[{"@type":"ListItem","position":1,"name":"Startseite","item":"https:\/\/www.voelkel-incoming.de\/en\/"},{"@type":"ListItem","position":2,"name":"Group &#038; Event Travel","item":"https:\/\/www.voelkel-incoming.de\/en\/group-event-travel\/"},{"@type":"ListItem","position":3,"name":"ConcertTravel"}]},{"@type":"WebSite","@id":"https:\/\/www.voelkel-incoming.de\/#website","url":"https:\/\/www.voelkel-incoming.de\/","name":"V\u00d6LKEL INCOMING","description":"Travel &amp; Destination Management","potentialAction":[{"@type":"SearchAction","target":{"@type":"EntryPoint","urlTemplate":"https:\/\/www.voelkel-incoming.de\/?s={search_term_string}"},"query-input":"required name=search_term_string"}],"inLanguage":"en-US"}]}},"_links":{"self":[{"href":"https:\/\/www.voelkel-incoming.de\/en\/wp-json\/wp\/v2\/pages\/3024"}],"collection":[{"href":"https:\/\/www.voelkel-incoming.de\/en\/wp-json\/wp\/v2\/pages"}],"about":[{"href":"https:\/\/www.voelkel-incoming.de\/en\/wp-json\/wp\/v2\/types\/page"}],"author":[{"embeddable":true,"href":"https:\/\/www.voelkel-incoming.de\/en\/wp-json\/wp\/v2\/users\/9"}],"replies":[{"embeddable":true,"href":"https:\/\/www.voelkel-incoming.de\/en\/wp-json\/wp\/v2\/comments?post=3024"}],"version-history":[{"count":3,"href":"https:\/\/www.voelkel-incoming.de\/en\/wp-json\/wp\/v2\/pages\/3024\/revisions"}],"predecessor-version":[{"id":3169,"href":"https:\/\/www.voelkel-incoming.de\/en\/wp-json\/wp\/v2\/pages\/3024\/revisions\/3169"}],"up":[{"embeddable":true,"href":"https:\/\/www.voelkel-incoming.de\/en\/wp-json\/wp\/v2\/pages\/3018"}],"wp:featuredmedia":[{"embeddable":true,"href":"https:\/\/www.voelkel-incoming.de\/en\/wp-json\/wp\/v2\/media\/1385"}],"wp:attachment":[{"href":"https:\/\/www.voelkel-incoming.de\/en\/wp-json\/wp\/v2\/media?parent=3024"}],"curies":[{"name":"wp","href":"https:\/\/api.w.org\/{rel}","templated":true}]}}

<h2>SÜDAFRIKA KLASSIK</h2>
<p><strong>mit dem Dirigenten und Pianisten Justus Frantz.</strong></p>
<p>Wären Sie jemals auf die Idee gekommen, nach Südafrika zu reisen, um Klassik-Konzerte von Mozart, Schubert, Dvorak, Smetana oder Rachmaninov zu hören? Wohl kaum.</p>
<p>Nach Jordanien-Israel, St. Petersburg-Moskau, dem Finca-Festival auf Gran Canaria steht jetzt Südafrika auf dem Plan. Justus Frantz wird seit Jahren vom international aufgestellten Kwa Zulu National Philharmonic Orchestra Durban eingeladen, die europäisch anmutende <em>&#8220;Symphony Late Spring of South Africa&#8221; </em>zu dirigieren. So auch, wenn das wieder möglich ist.</p>
<p>Das 10tägige Reiseprogramm haben wir als Anbieter ausgewählter Klassik <span style="color: #000080;"><span style="color: #000000;">&#8211;</span><a style="color: #000080;" href="https://www.voelkel-incoming.de/wp-content/uploads/2021/07/Konzertreisen.pdf" target="_blank" rel="noopener"><strong>Konzertreisen</strong></a> </span>mit dem Dirigenten Justus Frantz für Klassik- und Südafrika-Fans zusammengestellt. Es kann Ihren persönlichen Wünschen angepasst und individuell ergänzt werden &#8211; z.B. für Golfer in George, für Weinfreunde in Paarl, mit einer Safari in privaten Game Reserves oder dem Ausflug zu den spektakulären Victoria-Wasserfällen im benachbarten Zimbabwe.</p>
<p>Ich würde mich freuen, Sie bei einer der außergewöhnlichen Reisen persönlich begrüßen zu dürfen. Melden Sie sich bei Interesse einfach telefonisch bei mir unter 05066-7000-70</p>
<p>Renate Völkel-Hanne</p>

<p>SÜDAFRIKA KLASSIK mit dem Dirigenten und Pianisten Justus Frantz. Wären Sie jemals auf die Idee gekommen, nach Südafrika zu reisen, um Klassik-Konzerte von Mozart, Schubert, Dvorak, Smetana oder Rachmaninov zu hören? Wohl kaum. Nach Jordanien-Israel, St. Petersburg-Moskau, dem Finca-Festival auf Gran Canaria steht jetzt Südafrika auf dem Plan. Justus Frantz wird seit Jahren vom international [&hellip;]</p>

<!-- This site is optimized with the Yoast SEO plugin v19.5.1 - https://yoast.com/wordpress/plugins/seo/ -->
<title>ConcertTravel - VÖLKEL INCOMING</title>
<meta name="robots" content="index, follow, max-snippet:-1, max-image-preview:large, max-video-preview:-1" />
<link rel="canonical" href="https://www.voelkel-incoming.de/en/group-event-travel/concert-travel/" />
<meta property="og:locale" content="en_US" />
<meta property="og:type" content="article" />
<meta property="og:title" content="ConcertTravel - VÖLKEL INCOMING" />
<meta property="og:description" content="SÜDAFRIKA KLASSIK mit dem Dirigenten und Pianisten Justus Frantz. Wären Sie jemals auf die Idee gekommen, nach Südafrika zu reisen, um Klassik-Konzerte von Mozart, Schubert, Dvorak, Smetana oder Rachmaninov zu hören? Wohl kaum. Nach Jordanien-Israel, St. Petersburg-Moskau, dem Finca-Festival auf Gran Canaria steht jetzt Südafrika auf dem Plan. Justus Frantz wird seit Jahren vom international [&hellip;]" />
<meta property="og:url" content="https://www.voelkel-incoming.de/en/group-event-travel/concert-travel/" />
<meta property="og:site_name" content="VÖLKEL INCOMING" />
<meta property="article:modified_time" content="2021-11-24T10:30:02+00:00" />
<meta property="og:image" content="https://www.voelkel-incoming.de/wp-content/uploads/2021/06/AdobeStock_47402959.jpeg" />
	<meta property="og:image:width" content="1920" />
	<meta property="og:image:height" content="1920" />
	<meta property="og:image:type" content="image/jpeg" />
<meta name="twitter:card" content="summary_large_image" />
<meta name="twitter:label1" content="Est. reading time" />
	<meta name="twitter:data1" content="1 minute" />
<script type="application/ld+json" class="yoast-schema-graph">{"@context":"https://schema.org","@graph":[{"@type":"WebPage","@id":"https://www.voelkel-incoming.de/en/group-event-travel/concert-travel/","url":"https://www.voelkel-incoming.de/en/group-event-travel/concert-travel/","name":"ConcertTravel - VÖLKEL INCOMING","isPartOf":{"@id":"https://www.voelkel-incoming.de/#website"},"datePublished":"2021-11-16T13:35:38+00:00","dateModified":"2021-11-24T10:30:02+00:00","breadcrumb":{"@id":"https://www.voelkel-incoming.de/en/group-event-travel/concert-travel/#breadcrumb"},"inLanguage":"en-US","potentialAction":[{"@type":"ReadAction","target":["https://www.voelkel-incoming.de/en/group-event-travel/concert-travel/"]}]},{"@type":"BreadcrumbList","@id":"https://www.voelkel-incoming.de/en/group-event-travel/concert-travel/#breadcrumb","itemListElement":[{"@type":"ListItem","position":1,"name":"Startseite","item":"https://www.voelkel-incoming.de/en/"},{"@type":"ListItem","position":2,"name":"Group &#038; Event Travel","item":"https://www.voelkel-incoming.de/en/group-event-travel/"},{"@type":"ListItem","position":3,"name":"ConcertTravel"}]},{"@type":"WebSite","@id":"https://www.voelkel-incoming.de/#website","url":"https://www.voelkel-incoming.de/","name":"VÖLKEL INCOMING","description":"Travel &amp; Destination Management","potentialAction":[{"@type":"SearchAction","target":{"@type":"EntryPoint","urlTemplate":"https://www.voelkel-incoming.de/?s={search_term_string}"},"query-input":"required name=search_term_string"}],"inLanguage":"en-US"}]}</script>
<!-- / Yoast SEO plugin. -->

ConcertTravel - VÖLKEL INCOMING

SÜDAFRIKA KLASSIK mit dem Dirigenten und Pianisten Justus Frantz. Wären Sie jemals auf die Idee gekommen, nach Südafrika zu reisen, um Klassik-Konzerte von Mozart, Schubert, Dvorak, Smetana oder Rachmaninov zu hören? Wohl kaum. Nach Jordanien-Israel, St. Petersburg-Moskau, dem Finca-Festival auf Gran Canaria steht jetzt Südafrika auf dem Plan. Justus Frantz wird seit Jahren vom international [&hellip;]

VÖLKEL INCOMING
